multiple of 99?
False
Is 3 a factor of 1857?
True
Does 8 divide 61440?
True
Does 10 divide 860?
True
Is 5 a factor of 1873?
False
Is 67 a factor of 6588?
False
Is 1580 a multiple of 20?
True
Does 5 divide 10185?
True
Is 7514 a multiple of 34?
True
Is 59 a factor of 531?
True
Is 14 a factor of 38024?
True
Is 695 a multiple of 11?
False
Is 11 a factor of 1851?
False
Does 23 divide 1093?
False
Does 6 divide 200?
False
Is 13584 a multiple of 16?
True
Is 4469 a multiple of 20?
False
Is 22 a factor of 11603?
False
Is 14 a factor of 602?
True
Is 14522 a multiple of 216?
False
Does 112 divide 8848?
True
Is 204 a factor of 47362?
False
Is 19 a factor of 10690?
False
Is 29 a factor of 698?
False
Is 9671 a multiple of 5?
False
Is 1856 a multiple of 9?
False
Does 152 divide 13162?
False
Is 71 a factor of 36778?
True
Does 59 divide 150?
False
Does 25 divide 50?
True
Is 28 a factor of 11928?
True
Is 6491 a multiple of 23?
False
Does 242 divide 2904?
True
Does 159 divide 22419?
True
Is 3 a factor of 2338?
False
Is 2 a factor of 241?
False
Is 27 a factor of 64638?
True
Is 4876 a multiple of 32?
False
Is 15104 a multiple of 59?
True
Does 12 divide 3777?
False
Does 80 divide 400?
True
Is 64 a factor of 8832?
True
Does 9 divide 30843?
True
Is 13 a factor of 33750?
False
Does 32 divide 3921?
False
Does 55 divide 3364?
False
Is 3 a factor of 23?
False
Is 90133 a multiple of 73?
False
Is 222 a multiple of 14?
False
Is 17 a factor of 383?
False
Is 81 a multiple of 3?
True
Is 28 a factor of 119165?
False
Is 1069 a multiple of 33?
False
Is 15 a factor of 1800?
True
Does 29 divide 102922?
False
Is 35 a factor of 106?
False
Does 83 divide 1660?
True
Is 14 a factor of 2307?
False
Does 15 divide 94168?
False
Is 26278 a multiple of 14?
True
Does 60 divide 4500?
True
Does 3 divide 9?
True
Is 167 a multiple of 16?
False
Is 304 a multiple of 15?
False
Is 165 even?
False
Is 1188 a multiple of 18?
True
Does 30 divide 1590?
True
Does 166 divide 1776?
False
Is 3838 a multiple of 16?
False
Is 4 a factor of 445?
False
Does 23 divide 239?
False
Is 4 a factor of 827?
False
Is 4633 a multiple of 4?
False
Is 9617 a multiple of 12?
False
Is 55 a factor of 6722?
False
Does 46 divide 37039?
False
Is 2504 a multiple of 55?
False
Is 2227 a multiple of 9?
False
Is 17 a factor of 717?
False
Does 69 divide 20493?
True
Does 33 divide 52411?
False
Is 32 a factor of 13504?
True
Is 2850 a multiple of 71?
False
Is 164 a factor of 1640?
True
Is 761 a multiple of 13?
False
Is 97 a factor of 1455?
True
Is 17 a factor of 85?
True
Is 8 a factor of 114?
False
Is 5904 a multiple of 63?
False
Is 105480 a multiple of 15?
True
Is 9 a factor of 9?
True
Does 70 divide 1506?
False
Is 330 a multiple of 5?
True
Is 23 a factor of 575?
True
Is 2867 a multiple of 11?
False
Does 3 divide 276?
True
Does 103 divide 2927?
False
Is 76 a factor of 2508?
True
Does 8 divide 436?
False
Is 11 a factor of 231?
True
Is 11 a factor of 132?
True
Is 10693 a multiple of 181?
False
Is 18 a factor of 30438?
True
Does 45 divide 30825?
True
Is 8 a factor of 424?
True
Is 1680 a multiple of 40?
True
Is 13 a factor of 666?
False
Is 21 a factor of 462?
True
Is 74 a factor of 65963?
False
Is 1100 a multiple of 25?
True
Is 741 a multiple of 39?
True
Is 479 a multiple of 35?
False
Is 23 a factor of 322?
True
Is 176 a multiple of 11?
True
Does 2 divide 39?
False
Is 225 a factor of 54450?
True
Is 335 a multiple of 2?
False
Is 5717 a multiple of 49?
False
Is 314 a multiple of 3?
False
Is 7 a factor of 35163?
False
Is 14 a factor of 1286?
False
Does 3 divide 159?
True
Is 21 a factor of 3087?
True
Does 32 divide 3168?
True
Does 92 divide 871?
False
Is 154 a multiple of 25?
False
Does 184 divide 84971?
False
Is 2145 a multiple of 15?
True
Does 40 divide 8146?
False
Is 99 even?
False
Is 45329 a multiple of 130?
False
Is 3686 a multiple of 25?
False
Does 71 divide 639?
True
Is 16 a factor of 2137?
False
Is 29 a factor of 90719?
False
Is 7 a factor of 442?
False
Is 42 a factor of 28830?
False
Does 20 divide 8378?
False
Is 35 a factor of 735?
True
Is 7 a factor of 34161?
False
Is 1815 a multiple of 33?
True
Is 10425 a multiple of 15?
True
Does 16 divide 944?
True
Does 5 divide 10653?
False
Is 5805 a multiple of 135?
True
Does 11 divide 7887?
True
Is 6728 a multiple of 97?
False
Is 9 a factor of 127638?
True
Does 7 divide 49?
True
Is 8 a factor of 24228?
False
Is 16 a factor of 243?
False
Is 1166 a multiple of 22?
True
Is 152 a factor of 23864?
True
Is 2376 a multiple of 12?
True
Is 5 a factor of 4691?
False
Is 30 a factor of 295?
False
Does 118 divide 18644?
True
Is 259 a multiple of 37?
True
Does 66 divide 3859?
False
Is 26315 a multiple of 19?
True
Does 51 divide 3417?
True
Is 131 a factor of 46243?
True
Is 21387 a multiple of 93?
False
Is 24 a factor of 4077?
False
Is 143 a factor of 26516?
False
Does 150 divide 15450?
True
Does 7 divide 1855?
True
Does 44 divide 748?
True
Is 41 a factor of 9184?
True
Does 180 divide 48600?
True
Is 11 a factor of 143?
True
Is 11 a factor of 34816?
False
Is 21 a factor of 23856?
True
Is 45430 a multiple of 48?
False
Does 6 divide 408?
True
Is 2 a factor of 4853?
False
Is 4912 a multiple of 8?
True
Is 2652 a multiple of 39?
True
Is 24451 a multiple of 70?
False
Does 21 divide 14406?
True
Does 32 divide 384?
True
Does 31 divide 13256?
False
Is 1804 a multiple of 26?
False
Is 19351 a multiple of 5?
False
Does 78 divide 14652?
False
Does 8 divide 197?
False
Is 13 a factor of 32942?
True
Is 43 a factor of 3459?
False
Is 3432 a multiple of 33?
True
Is 2307 a multiple of 49?
False
Does 3 divide 9012?
True
Is 2 a factor of 183?
False
Is 924 a multiple of 7?
True
Is 600 a multiple of 8?
True
Is 11 a factor of 4873?
True
Is 52 a factor of 4334?
False
Is 88688 a multiple of 184?
True
Does 11 divide 176?
True
Does 13 divide 36218?
True
Does 37 divide 63621?
False
Does 5 divide 262?
False
Does 15 divide 9798?
False
Is 14 a factor of 742?
True
Does 12 divide 9014?
False
Is 90 a factor of 3236?
False
Is 2856 a multiple of 21?
True
Is 1206 a multiple of 9?
True
Is 13 a factor of 715?
True
Is 13 a factor of 1040?
True
Is 11569 a multiple of 23?
True
Is 28 a factor of 1260?
True
Does 18 divide 1350?
True
Is 2508 a multiple of 17?
False
Is 3415 a multiple of 76?
False
Is 3973 a multiple of 29?
True
Is 1070 a multiple of 4?
False
Is 20 a factor of 1420?
True
Does 30 divide 1338?
False
Is 2052 a multiple of 27?
True
Does 54 divide 1519?
False
Is 18 a factor of 8694?
True
Is 90 a multiple of 2?
True
Is 6808 a multiple of 46?
True
Is 1446 a multiple of 5?
False
Is 8976 a multiple of 6?
True
Is 154907 a multiple of 19?
True
Does 56 divide 896?
True
Is 12 a factor of 4662?
False
Does 48 divide 3380?
False
Does 7 divide 3654?
True
Does 2 divide 351?
False
Does 16 divide 574?
False
Does 10 divide 819?
False
Is 1075 a multiple of 6?
False
Is 458 a multiple of 15?
False
Is 3272 a multiple of 8?
True
Does 7 divide 566?
False
Is 13 a factor of 15880?
False
Is 41 a factor of 3580?
False
Is 6 a factor of 6456?
True
Is 349 a multiple of 10?
False
Does 5 divide 741?
False
Is 10 a factor of 339?
False
Is 5 a factor of 185?
True
Is 71649 a multiple of 19?
True
Does 49 divide 42091?
True
Does 72 divide 58536?
True
Is 26 a factor of 1040?
True
Is 111 a factor of 4474?
False
Is 49 a factor of 19649?
True
Does 71 divide 355?
True
Is 5021 a multiple of 4?
False
Is 5 a factor of 2205?
True
Is 30 a factor of 1740?
True
Does 41 divide 10573?
False
Is 9 a factor of 1381?
False
Is 6 a factor of 5192?
False
Is 1240 a multiple of 70?
False
Is 1890 a multiple of 6?
True
Does 9 divide 111?
False
Is 218 a multiple of 15?
False
Is 75058 a multiple of 229?
False
Does 16 divide 751?
False
Is 3 a factor of 2286?
True
Does 23 divide 460?
True
Is 12 a factor of 1100?
False
Does 17 divide 21624?
True
Does 41 divide 444?
False
Is 21 a factor of 3528?
True
Does 69 divide 164?
False
Does 124 divide 11160?
True
Does 16 divide 128?
True
Does 12 divide 3468?
True
Is 21 a factor of 1323?
True
Is 12827 a multiple of 101?
True
Does 37 divide 2758?
False
Does 4 divide 361?
False
Does 125 divide 28550?
False
Does 8 divide 120?
True
Is 72 a factor of 504?
True
Does 14 divide 2338?
True
Is 4 a factor of 296?
True
Is 168 a factor of 7815?
False
Does 73 divide 2044?
True
Is 2104 a mul